{"id":3109,"date":"2025-06-09T12:23:26","date_gmt":"2025-06-09T12:23:26","guid":{"rendered":"https:\/\/amvd.org.mx\/?page_id=3109"},"modified":"2026-03-10T23:08:45","modified_gmt":"2026-03-10T23:08:45","slug":"consejo-directivo-2024-2025","status":"publish","type":"page","link":"https:\/\/amvd.org.mx\/index.php\/consejo-directivo-2024-2025\/","title":{"rendered":"Consejo Directivo 2026-2027"},"content":{"rendered":"\t\t<div data-elementor-type=\"wp-page\" data-elementor-id=\"3109\" class=\"elementor elementor-3109\" data-elementor-post-type=\"page\">\n\t\t\t\t\t\t<section class=\"elementor-section elementor-top-section elementor-element elementor-element-b3df89b elementor-section-boxed elementor-section-height-default elementor-section-height-default\" data-id=\"b3df89b\" data-element_type=\"section\">\n\t\t\t\t\t\t<div class=\"elementor-container elementor-column-gap-default\">\n\t\t\t\t\t<div class=\"elementor-column elementor-col-100 elementor-top-column elementor-element elementor-element-976fc17\" data-id=\"976fc17\" data-element_type=\"column\">\n\t\t\t<div class=\"elementor-widget-wrap elementor-element-populated\">\n\t\t\t\t\t\t<div class=\"elementor-element elementor-element-b08555d elementor-widget-divider--view-line elementor-widget elementor-widget-divider\" data-id=\"b08555d\" data-element_type=\"widget\" data-widget_type=\"divider.default\">\n\t\t\t\t<div class=\"elementor-widget-container\">\n\t\t\t\t\t\t\t<div class=\"elementor-divider\">\n\t\t\t<span class=\"elementor-divider-separator\">\n\t\t\t\t\t\t<\/span>\n\t\t<\/div>\n\t\t\t\t\t\t<\/div>\n\t\t\t\t<\/div>\n\t\t\t\t\t<\/div>\n\t\t<\/div>\n\t\t\t\t\t<\/div>\n\t\t<\/section>\n\t\t\t\t<section class=\"elementor-section elementor-top-section elementor-element elementor-element-23feecd elementor-section-boxed elementor-section-height-default elementor-section-height-default\" data-id=\"23feecd\" data-element_type=\"section\">\n\t\t\t\t\t\t<div class=\"elementor-container elementor-column-gap-default\">\n\t\t\t\t\t<div class=\"elementor-column elementor-col-50 elementor-top-column elementor-element elementor-element-9b2450c\" data-id=\"9b2450c\" data-element_type=\"column\">\n\t\t\t<div class=\"elementor-widget-wrap elementor-element-populated\">\n\t\t\t\t\t\t<div class=\"elementor-element elementor-element-1ae711e elementor-widget elementor-widget-text-editor\" data-id=\"1ae711e\" data-element_type=\"widget\" data-widget_type=\"text-editor.default\">\n\t\t\t\t<div class=\"elementor-widget-container\">\n\t\t\t\t\t\t\t\t\t<h2 style=\"text-align: center;\">Los pilares de trabajo del Consejo Directivo 2026-2027<\/h2>\t\t\t\t\t\t\t\t<\/div>\n\t\t\t\t<\/div>\n\t\t\t\t<div class=\"elementor-element elementor-element-4feb2db elementor-widget elementor-widget-text-editor\" data-id=\"4feb2db\" data-element_type=\"widget\" data-widget_type=\"text-editor.default\">\n\t\t\t\t<div class=\"elementor-widget-container\">\n\t\t\t\t\t\t\t\t\t<p>Brindar valor agregado a la membres\u00eda por medio de:<\/p><ul><li>Clima propicio para el crecimiento.<\/li><li>Modernizaci\u00f3n.<\/li><li>Promoci\u00f3n de nuestra imagen.<\/li><li>Posicionamiento de la asociaci\u00f3n.<\/li><li>Intercambio de buenas pr\u00e1cticas.<\/li><\/ul>\t\t\t\t\t\t\t\t<\/div>\n\t\t\t\t<\/div>\n\t\t\t\t\t<\/div>\n\t\t<\/div>\n\t\t\t\t<div class=\"elementor-column elementor-col-50 elementor-top-column elementor-element elementor-element-df0c02b\" data-id=\"df0c02b\" data-element_type=\"column\">\n\t\t\t<div class=\"elementor-widget-wrap elementor-element-populated\">\n\t\t\t\t\t\t<div class=\"elementor-element elementor-element-150299a elementor-invisible elementor-widget elementor-widget-image\" data-id=\"150299a\" data-element_type=\"widget\" data-settings=\"{&quot;_animation&quot;:&quot;zoomInUp&quot;}\" data-widget_type=\"image.default\">\n\t\t\t\t<div class=\"elementor-widget-container\">\n\t\t\t\t\t\t\t\t\t\t\t\t\t\t\t<img fetchpriority=\"high\" decoding=\"async\" width=\"1643\" height=\"2464\" src=\"https:\/\/amvd.org.mx\/wp-content\/uploads\/2026\/03\/Juan_Pablo_Fueyo_Studio-Session-1360_edited.jpg\" class=\"attachment-full size-full wp-image-5740\" alt=\"\" srcset=\"https:\/\/amvd.org.mx\/wp-content\/uploads\/2026\/03\/Juan_Pablo_Fueyo_Studio-Session-1360_edited.jpg 1643w, https:\/\/amvd.org.mx\/wp-content\/uploads\/2026\/03\/Juan_Pablo_Fueyo_Studio-Session-1360_edited-200x300.jpg 200w, https:\/\/amvd.org.mx\/wp-content\/uploads\/2026\/03\/Juan_Pablo_Fueyo_Studio-Session-1360_edited-683x1024.jpg 683w, https:\/\/amvd.org.mx\/wp-content\/uploads\/2026\/03\/Juan_Pablo_Fueyo_Studio-Session-1360_edited-768x1152.jpg 768w, https:\/\/amvd.org.mx\/wp-content\/uploads\/2026\/03\/Juan_Pablo_Fueyo_Studio-Session-1360_edited-1024x1536.jpg 1024w, https:\/\/amvd.org.mx\/wp-content\/uploads\/2026\/03\/Juan_Pablo_Fueyo_Studio-Session-1360_edited-1366x2048.jpg 1366w\" sizes=\"(max-width: 1643px) 100vw, 1643px\" \/>\t\t\t\t\t\t\t\t\t\t\t\t\t\t\t<\/div>\n\t\t\t\t<\/div>\n\t\t\t\t<div class=\"elementor-element elementor-element-dcc1a8e elementor-widget elementor-widget-heading\" data-id=\"dcc1a8e\" data-element_type=\"widget\" data-widget_type=\"heading.default\">\n\t\t\t\t<div class=\"elementor-widget-container\">\n\t\t\t\t\t<h2 class=\"elementor-heading-title elementor-size-default\">Juan Pablo Fueyo<\/h2>\t\t\t\t<\/div>\n\t\t\t\t<\/div>\n\t\t\t\t<div class=\"elementor-element elementor-element-3b6b1b3 elementor-widget elementor-widget-text-editor\" data-id=\"3b6b1b3\" data-element_type=\"widget\" data-widget_type=\"text-editor.default\">\n\t\t\t\t<div class=\"elementor-widget-container\">\n\t\t\t\t\t\t\t\t\t<p class=\"has-normal-font-size\" style=\"text-align: center;\"><strong>Presidente Asociaci\u00f3n Mexicana de Ventas Directas 2026-2027<\/strong><\/p>\t\t\t\t\t\t\t\t<\/div>\n\t\t\t\t<\/div>\n\t\t\t\t\t<\/div>\n\t\t<\/div>\n\t\t\t\t\t<\/div>\n\t\t<\/section>\n\t\t\t\t<\/div>\n\t\t","protected":false},"excerpt":{"rendered":"<p>Los pilares de trabajo del Consejo Directivo 2026-2027 Brindar valor agregado a la membres\u00eda por medio de: Clima propicio para el crecimiento. Modernizaci\u00f3n. Promoci\u00f3n de nuestra imagen. Posicionamiento de la asociaci\u00f3n. Intercambio de buenas pr\u00e1cticas. Juan Pablo Fueyo Presidente Asociaci\u00f3n Mexicana de Ventas Directas 2026-2027<\/p>\n","protected":false},"author":64,"featured_media":0,"parent":0,"menu_order":0,"comment_status":"closed","ping_status":"closed","template":"","meta":{"ocean_post_layout":"","ocean_both_sidebars_style":"","ocean_both_sidebars_content_width":0,"ocean_both_sidebars_sidebars_width":0,"ocean_sidebar":"","ocean_second_sidebar":"","ocean_disable_margins":"enable","ocean_add_body_class":"","ocean_shortcode_before_top_bar":"","ocean_shortcode_after_top_bar":"","ocean_shortcode_before_header":"","ocean_shortcode_after_header":"","ocean_has_shortcode":"","ocean_shortcode_after_title":"","ocean_shortcode_before_footer_widgets":"","ocean_shortcode_after_footer_widgets":"","ocean_shortcode_before_footer_bottom":"","ocean_shortcode_after_footer_bottom":"","ocean_display_top_bar":"default","ocean_display_header":"default","ocean_header_style":"","ocean_center_header_left_menu":"","ocean_custom_header_template":"","ocean_custom_logo":0,"ocean_custom_retina_logo":0,"ocean_custom_logo_max_width":0,"ocean_custom_logo_tablet_max_width":0,"ocean_custom_logo_mobile_max_width":0,"ocean_custom_logo_max_height":0,"ocean_custom_logo_tablet_max_height":0,"ocean_custom_logo_mobile_max_height":0,"ocean_header_custom_menu":"","ocean_menu_typo_font_family":"","ocean_menu_typo_font_subset":"","ocean_menu_typo_font_size":0,"ocean_menu_typo_font_size_tablet":0,"ocean_menu_typo_font_size_mobile":0,"ocean_menu_typo_font_size_unit":"px","ocean_menu_typo_font_weight":"","ocean_menu_typo_font_weight_tablet":"","ocean_menu_typo_font_weight_mobile":"","ocean_menu_typo_transform":"","ocean_menu_typo_transform_tablet":"","ocean_menu_typo_transform_mobile":"","ocean_menu_typo_line_height":0,"ocean_menu_typo_line_height_tablet":0,"ocean_menu_typo_line_height_mobile":0,"ocean_menu_typo_line_height_unit":"","ocean_menu_typo_spacing":0,"ocean_menu_typo_spacing_tablet":0,"ocean_menu_typo_spacing_mobile":0,"ocean_menu_typo_spacing_unit":"","ocean_menu_link_color":"","ocean_menu_link_color_hover":"","ocean_menu_link_color_active":"","ocean_menu_link_background":"","ocean_menu_link_hover_background":"","ocean_menu_link_active_background":"","ocean_menu_social_links_bg":"","ocean_menu_social_hover_links_bg":"","ocean_menu_social_links_color":"","ocean_menu_social_hover_links_color":"","ocean_disable_title":"default","ocean_disable_heading":"default","ocean_post_title":"","ocean_post_subheading":"","ocean_post_title_style":"","ocean_post_title_background_color":"","ocean_post_title_background":0,"ocean_post_title_bg_image_position":"","ocean_post_title_bg_image_attachment":"","ocean_post_title_bg_image_repeat":"","ocean_post_title_bg_image_size":"","ocean_post_title_height":0,"ocean_post_title_bg_overlay":0.5,"ocean_post_title_bg_overlay_color":"","ocean_disable_breadcrumbs":"default","ocean_breadcrumbs_color":"","ocean_breadcrumbs_separator_color":"","ocean_breadcrumbs_links_color":"","ocean_breadcrumbs_links_hover_color":"","ocean_display_footer_widgets":"default","ocean_display_footer_bottom":"default","ocean_custom_footer_template":"","footnotes":""},"class_list":["post-3109","page","type-page","status-publish","hentry","entry"],"_links":{"self":[{"href":"https:\/\/amvd.org.mx\/index.php\/wp-json\/wp\/v2\/pages\/3109","targetHints":{"allow":["GET"]}}],"collection":[{"href":"https:\/\/amvd.org.mx\/index.php\/wp-json\/wp\/v2\/pages"}],"about":[{"href":"https:\/\/amvd.org.mx\/index.php\/wp-json\/wp\/v2\/types\/page"}],"author":[{"embeddable":true,"href":"https:\/\/amvd.org.mx\/index.php\/wp-json\/wp\/v2\/users\/64"}],"replies":[{"embeddable":true,"href":"https:\/\/amvd.org.mx\/index.php\/wp-json\/wp\/v2\/comments?post=3109"}],"version-history":[{"count":34,"href":"https:\/\/amvd.org.mx\/index.php\/wp-json\/wp\/v2\/pages\/3109\/revisions"}],"predecessor-version":[{"id":5745,"href":"https:\/\/amvd.org.mx\/index.php\/wp-json\/wp\/v2\/pages\/3109\/revisions\/5745"}],"wp:attachment":[{"href":"https:\/\/amvd.org.mx\/index.php\/wp-json\/wp\/v2\/media?parent=3109"}],"curies":[{"name":"wp","href":"https:\/\/api.w.org\/{rel}","templated":true}]}}

<div data-elementor-type="wp-page" data-elementor-id="3109" class="elementor elementor-3109" data-elementor-post-type="page">
						<section class="elementor-section elementor-top-section elementor-element elementor-element-b3df89b elementor-section-boxed elementor-section-height-default elementor-section-height-default" data-id="b3df89b" data-element_type="section">
						<div class="elementor-container elementor-column-gap-default">
					<div class="elementor-column elementor-col-100 elementor-top-column elementor-element elementor-element-976fc17" data-id="976fc17" data-element_type="column">
			<div class="elementor-widget-wrap elementor-element-populated">
						<div class="elementor-element elementor-element-b08555d elementor-widget-divider--view-line elementor-widget elementor-widget-divider" data-id="b08555d" data-element_type="widget" data-widget_type="divider.default">
				<div class="elementor-widget-container">
							<div class="elementor-divider">
			<span class="elementor-divider-separator">
						</span>
		</div>
						</div>
				</div>
					</div>
		</div>
					</div>
		</section>
				<section class="elementor-section elementor-top-section elementor-element elementor-element-23feecd elementor-section-boxed elementor-section-height-default elementor-section-height-default" data-id="23feecd" data-element_type="section">
						<div class="elementor-container elementor-column-gap-default">
					<div class="elementor-column elementor-col-50 elementor-top-column elementor-element elementor-element-9b2450c" data-id="9b2450c" data-element_type="column">
			<div class="elementor-widget-wrap elementor-element-populated">
						<div class="elementor-element elementor-element-1ae711e elementor-widget elementor-widget-text-editor" data-id="1ae711e" data-element_type="widget" data-widget_type="text-editor.default">
				<div class="elementor-widget-container">
									<h2 style="text-align: center;">Los pilares de trabajo del Consejo Directivo 2026-2027</h2>								</div>
				</div>
				<div class="elementor-element elementor-element-4feb2db elementor-widget elementor-widget-text-editor" data-id="4feb2db" data-element_type="widget" data-widget_type="text-editor.default">
				<div class="elementor-widget-container">
									<p>Brindar valor agregado a la membresía por medio de:</p><ul><li>Clima propicio para el crecimiento.</li><li>Modernización.</li><li>Promoción de nuestra imagen.</li><li>Posicionamiento de la asociación.</li><li>Intercambio de buenas prácticas.</li></ul>								</div>
				</div>
					</div>
		</div>
				<div class="elementor-column elementor-col-50 elementor-top-column elementor-element elementor-element-df0c02b" data-id="df0c02b" data-element_type="column">
			<div class="elementor-widget-wrap elementor-element-populated">
						<div class="elementor-element elementor-element-150299a elementor-invisible elementor-widget elementor-widget-image" data-id="150299a" data-element_type="widget" data-settings="{&quot;_animation&quot;:&quot;zoomInUp&quot;}" data-widget_type="image.default">
				<div class="elementor-widget-container">
															<img fetchpriority="high" decoding="async" width="1643" height="2464" src="https://amvd.org.mx/wp-content/uploads/2026/03/Juan_Pablo_Fueyo_Studio-Session-1360_edited.jpg" class="attachment-full size-full wp-image-5740" alt="" srcset="https://amvd.org.mx/wp-content/uploads/2026/03/Juan_Pablo_Fueyo_Studio-Session-1360_edited.jpg 1643w, https://amvd.org.mx/wp-content/uploads/2026/03/Juan_Pablo_Fueyo_Studio-Session-1360_edited-200x300.jpg 200w, https://amvd.org.mx/wp-content/uploads/2026/03/Juan_Pablo_Fueyo_Studio-Session-1360_edited-683x1024.jpg 683w, https://amvd.org.mx/wp-content/uploads/2026/03/Juan_Pablo_Fueyo_Studio-Session-1360_edited-768x1152.jpg 768w, https://amvd.org.mx/wp-content/uploads/2026/03/Juan_Pablo_Fueyo_Studio-Session-1360_edited-1024x1536.jpg 1024w, https://amvd.org.mx/wp-content/uploads/2026/03/Juan_Pablo_Fueyo_Studio-Session-1360_edited-1366x2048.jpg 1366w" sizes="(max-width: 1643px) 100vw, 1643px" />															</div>
				</div>
				<div class="elementor-element elementor-element-dcc1a8e elementor-widget elementor-widget-heading" data-id="dcc1a8e" data-element_type="widget" data-widget_type="heading.default">
				<div class="elementor-widget-container">
					<h2 class="elementor-heading-title elementor-size-default">Juan Pablo Fueyo</h2>				</div>
				</div>
				<div class="elementor-element elementor-element-3b6b1b3 elementor-widget elementor-widget-text-editor" data-id="3b6b1b3" data-element_type="widget" data-widget_type="text-editor.default">
				<div class="elementor-widget-container">
									<p class="has-normal-font-size" style="text-align: center;"><strong>Presidente Asociación Mexicana de Ventas Directas 2026-2027</strong></p>								</div>
				</div>
					</div>
		</div>
					</div>
		</section>
				</div>

<p>Los pilares de trabajo del Consejo Directivo 2026-2027 Brindar valor agregado a la membresía por medio de: Clima propicio para el crecimiento. Modernización. Promoción de nuestra imagen. Posicionamiento de la asociación. Intercambio de buenas prácticas. Juan Pablo Fueyo Presidente Asociación Mexicana de Ventas Directas 2026-2027</p>
