{"id":101,"date":"2020-09-25T19:28:41","date_gmt":"2020-09-25T19:28:41","guid":{"rendered":"http:\/\/localhost\/amvd\/?page_id=101"},"modified":"2025-07-25T19:22:58","modified_gmt":"2025-07-25T19:22:58","slug":"ligas-de-interes","status":"publish","type":"page","link":"https:\/\/amvd.org.mx\/index.php\/ligas-de-interes\/","title":{"rendered":"Ligas de inter\u00e9s"},"content":{"rendered":"\n<hr class=\"wp-block-separator has-css-opacity\"\/>\n\n\n\n<h3 class=\"wp-block-heading\"><br><\/h3>\n\n\n\n<section class=\"wp-block-uagb-section uagb-section__wrap uagb-section__background-undefined alignwide uagb-block-38eeff6d\"><div class=\"uagb-section__overlay\"><\/div><div class=\"uagb-section__inner-wrap\">\n<h3 class=\"has-text-align-center\">Asociaciones de Ventas Directas:<\/h3>\n<figure class=\"wp-block-table aligncenter is-style-stripes\"><table class=\"has-fixed-layout\"><tbody><tr><td>Asociaci\u00f3n Brasile\u00f1a de Empresas de Ventas Directas (ABEVD)<\/td><td>&nbsp;<\/td><td><a href=\"http:\/\/www.abevd.org.br\/\" target=\"_blank\" rel=\"noreferrer noopener\">www.abevd.org.br<\/a><\/td><\/tr><tr><td>Asociaci\u00f3n Colombiana de Venta Directa (ACOVEDI)<\/td><td>&nbsp;<\/td><td><a href=\"http:\/\/www.acovedi.org.co\/\" target=\"_blank\" rel=\"noreferrer noopener\">www.acovedi.org.co<\/a><\/td><\/tr><tr><td>Asociaci\u00f3n de Empresas de Venta Directa de Bolivia (ASOEM)<\/td><td><\/td><td><a href=\"http:\/\/www.asoem.org.bo\" target=\"_blank\" rel=\"noreferrer noopener\">www.asoem.org.bo<\/a><\/td><\/tr><tr><td>Asociaci\u00f3n de Empresas de Venta Directa de Costa Rica (ACEVED)<\/td><td><\/td><td><a href=\"http:\/\/www.aceved.com\">www.aceved.com<\/a><\/td><\/tr><tr><td>Asociaci\u00f3n de Empresas de Venta Directa en Espa\u00f1a (AVD)<\/td><td>&nbsp;<\/td><td><a href=\"http:\/\/www.avd.es\/\" target=\"_blank\" rel=\"noreferrer noopener\">www.avd.es<\/a><\/td><\/tr><tr><td>Asociaci\u00f3n Ecuatoriana de Venta Directa (AEVD)<\/td><td>&nbsp;<\/td><td><a href=\"http:\/\/www.aevd.ec\/\" target=\"_blank\" rel=\"noreferrer noopener\">www.aevd.ec<\/a><\/td><\/tr><tr><td>Asociaci\u00f3n Guatemalteca de Empresas de Ventas Directas (AGEVD)<\/td><td><\/td><td><a href=\"http:\/\/www.agevd.org.gt\" target=\"_blank\" rel=\"noreferrer noopener\">www.agevd.org.gt <\/a><\/td><\/tr><tr><td>Asociaci\u00f3n Paname\u00f1a de Venta Directa (APAVEDI)<\/td><td><\/td><td><a href=\"http:\/\/www.apavedi.com\" target=\"_blank\" rel=\"noreferrer noopener\">www.apavedi.com<\/a> <\/td><\/tr><tr><td>C\u00e1mara Argentina de Venta Directa (CAVEDI)<\/td><td>&nbsp;<\/td><td><a href=\"http:\/\/www.cavedi.org.ar\/\" target=\"_blank\" rel=\"noreferrer noopener\">www.cavedi.org.ar<\/a><\/td><\/tr><tr><td>C\u00e1mara de Venta Directa de Chile<\/td><td>&nbsp;<\/td><td><a href=\"http:\/\/www.camaraventadirecta.cl\/\" target=\"_blank\" rel=\"noreferrer noopener\">www.camaraventadirecta.cl<\/a><\/td><\/tr><tr><td>C\u00e1mara Peruana de Venta Directa (CAPEVEDI)<\/td><td>&nbsp;<\/td><td><a href=\"http:\/\/www.capevedi.com\/\" target=\"_blank\" rel=\"noreferrer noopener\">www.capevedi.com<\/a><\/td><\/tr><tr><td>Direct Sellers Association of Canada<\/td><td>&nbsp;<\/td><td><a href=\"http:\/\/www.dsa.ca\/\" target=\"_blank\" rel=\"noreferrer noopener\">www.dsa.ca<\/a><\/td><\/tr><tr><td>Direct Selling Association USA (DSA)<\/td><td>&nbsp;<\/td><td><a href=\"http:\/\/www.dsa.org\/\" target=\"_blank\" rel=\"noreferrer noopener\">www.dsa.org<\/a><\/td><\/tr><tr><td>Direct Selling Education Foundation (DSEF)<\/td><td>&nbsp;<\/td><td><a href=\"http:\/\/www.dsef.org\/\" target=\"_blank\" rel=\"noreferrer noopener\">www.dsef.org<\/a><\/td><\/tr><tr><td>European Direct Selling Association<\/td><td>&nbsp;<\/td><td><a href=\"http:\/\/www.seldia.eu\/\" target=\"_blank\" rel=\"noreferrer noopener\">www.seldia.eu<\/a><\/td><\/tr><tr><td>WFDSA \/ Asociaciones Afiliadas<\/td><td>&nbsp;<\/td><td><a href=\"http:\/\/wfdsa.org\/dsa-membership-by-country\/\" target=\"_blank\" rel=\"noreferrer noopener\">wfdsa.org\/dsa-membership-by-country\/<\/a><\/td><\/tr><tr><td>World Federation of Direct Selling Associations (WFDSA)<\/td><td>&nbsp;<\/td><td><a href=\"http:\/\/www.wfdsa.org\/\" target=\"_blank\" rel=\"noreferrer noopener\">www.wfdsa.org<\/a><\/td><\/tr><\/tbody><\/table><\/figure>\n<h3 class=\"has-text-align-center\">Asociaciones y C\u00e1maras:<\/h3>\n<figure class=\"wp-block-table aligncenter is-style-stripes\"><table class=\"has-fixed-layout\"><tbody><tr><td>American Chamber of Commerce of M\u00e9xico (AMCHAM)<\/td><td>&nbsp;<\/td><td><a href=\"http:\/\/www.amcham.org.mx\/\" target=\"_blank\" rel=\"noreferrer noopener\">www.amcham.org.mx<\/a><\/td><\/tr><tr><td>Asociaci\u00f3n de internet.mx<\/td><td>&nbsp;<\/td><td><a href=\"http:\/\/www.asociaciondeinternet.mx\/es\/\" target=\"_blank\" rel=\"noreferrer noopener\">www.asociaciondeinternet.mx\/es\/<\/a><\/td><\/tr><tr><td>Asociaci\u00f3n Nacional de Fabricantes de Productos Arom\u00e1ticos (ANFPA)<\/td><td>&nbsp;<\/td><td><a href=\"http:\/\/www.anfpa.org\/\" target=\"_blank\" rel=\"noreferrer noopener\">www.anfpa.org<\/a><\/td><\/tr><tr><td>Asociaci\u00f3n Nacional de la Industria de Suplementos Alimenticios (ANAISA)<\/td><td>&nbsp;<\/td><td><a href=\"http:\/\/www.anaisa.mx\/\" target=\"_blank\" rel=\"noreferrer noopener\">www.anaisa.mx<\/a><\/td><\/tr><tr><td>Asociaci\u00f3n Nacional de Tiendas de Autoservicio y Departamentales (ANTAD)<\/td><td>&nbsp;<\/td><td><a href=\"http:\/\/www.antad.net\/\" target=\"_blank\" rel=\"noreferrer noopener\">www.antad.net<\/a><\/td><\/tr><tr><td>C\u00e1mara Nacional de la Industria de Perfumer\u00eda, Cosm\u00e9tica y Art\u00edculos de Tocador e Higiene (CANIPEC)<\/td><td>&nbsp;<\/td><td><a href=\"http:\/\/www.canipec.org.mx\/\" target=\"_blank\" rel=\"noreferrer noopener\">www.canipec.org.mx<\/a><\/td><\/tr><tr><td>C\u00e1mara Nacional de la Industria de Transformaci\u00f3n (CANACINTRA)<\/td><td>&nbsp;<\/td><td><a href=\"http:\/\/www.canacintra.org.mx\/\" target=\"_blank\" rel=\"noreferrer noopener\">www.canacintra.org.mx<\/a><\/td><\/tr><tr><td>C\u00e1mara Nacional de la Industria del Vestido (CANAIVE)<\/td><td>&nbsp;<\/td><td><a href=\"http:\/\/www.canaive.mx\/\" target=\"_blank\" rel=\"noreferrer noopener\">www.canaive.mx<\/a><\/td><\/tr><tr><td>Confederaci\u00f3n de C\u00e1maras Industriales de los Estados Unidos Mexicanos (CONCAMIN)<\/td><td><\/td><td><a href=\"http:\/\/www.concamin.org.mx\/\" target=\"_blank\" rel=\"noreferrer noopener\">www.concamin.org.mx<\/a><\/td><\/tr><\/tbody><\/table><\/figure>\n<h3 class=\"has-text-align-center\">Dependencias de gobierno:<\/h3>\n<figure class=\"wp-block-table aligncenter is-style-stripes\"><table class=\"has-fixed-layout\"><tbody><tr><td>Comisi\u00f3n Nacional de Mejora Regulatoria (CONAMER)<\/td><td>&nbsp;<\/td><td><a href=\"http:\/\/www.gob.mx\/conamer\/\" target=\"_blank\" rel=\"noreferrer noopener\">www.gob.mx\/conamer<\/a><\/td><\/tr><tr><td>Comisi\u00f3n Federal para la Protecci\u00f3n contra Riesgos Sanitarios (COFEPRIS)<\/td><td>&nbsp;<\/td><td><a href=\"http:\/\/www.gob.mx\/cofepris\" target=\"_blank\" rel=\"noreferrer noopener\">www.gob.mx\/cofepris<\/a><\/td><\/tr><tr><td>Diario Oficial de la Federaci\u00f3n<\/td><td>&nbsp;<\/td><td><a href=\"http:\/\/www.dof.gob.mx\/\" target=\"_blank\" rel=\"noreferrer noopener\">www.dof.gob.mx<\/a><\/td><\/tr><tr><td>Gobierno de la Ciudad de M\u00e9xico<\/td><td>&nbsp;<\/td><td><a href=\"http:\/\/www.cdmx.gob.mx\/\">www.cdmx.gob.mx<\/a><\/td><\/tr><tr><td>Instituto Mexicano del Seguro Social (IMSS)<\/td><td>&nbsp;<\/td><td><a href=\"http:\/\/www.imss.gob.mx\/\" target=\"_blank\" rel=\"noreferrer noopener\">www.imss.gob.mx<\/a><\/td><\/tr><tr><td>Procuradur\u00eda Federal del Consumidor (PROFECO)<\/td><td>&nbsp;<\/td><td><a href=\"http:\/\/www.profeco.gob.mx\/\" target=\"_blank\" rel=\"noreferrer noopener\">www.profeco.gob.mx<\/a><\/td><\/tr><tr><td>Secretar\u00eda de Econom\u00eda<\/td><td>&nbsp;<\/td><td><a href=\"http:\/\/www.economia.gob.mx\/\" target=\"_blank\" rel=\"noreferrer noopener\">www.economia.gob.mx<\/a><\/td><\/tr><tr><td>Secretar\u00eda de Econom\u00eda \/ Cat\u00e1logo de Normas Oficiales Mexicanas<\/td><td>&nbsp;<\/td><td><a href=\"http:\/\/www.economia-noms.gob.mx\/\" target=\"_blank\" rel=\"noreferrer noopener\">www.economia-noms.gob.mx<\/a><\/td><\/tr><tr><td>Secretar\u00eda de Hacienda y Cr\u00e9dito P\u00fablico<\/td><td>&nbsp;<\/td><td><a href=\"http:\/\/www.shcp.gob.mx\/\" target=\"_blank\" rel=\"noreferrer noopener\">www.shcp.gob.mx<\/a><\/td><\/tr><tr><td>Secretar\u00eda de Relaciones Exteriores \/ Embajadas<\/td><td>&nbsp;<\/td><td><a href=\"http:\/\/www.sre.gob.mx\/acreditadas\/\" target=\"_blank\" rel=\"noreferrer noopener\">www.sre.gob.mx\/acreditadas\/<\/a><\/td><\/tr><tr><td>Secretar\u00eda del Trabajo y Previsi\u00f3n Social<\/td><td>&nbsp;<\/td><td><a href=\"http:\/\/www.stps.gob.mx\/\" target=\"_blank\" rel=\"noreferrer noopener\">www.stps.gob.mx<\/a><\/td><\/tr><tr><td>Secretaria de Salud<\/td><td>&nbsp;<\/td><td><a href=\"http:\/\/www.salud.gob.mx\/\" target=\"_blank\" rel=\"noreferrer noopener\">www.salud.gob.mx<\/a><\/td><\/tr><\/tbody><\/table><\/figure>\n<h3 class=\"has-text-align-center\">Organismos Financieros y Datos Estad\u00edsticos:<\/h3>\n<figure class=\"wp-block-table aligncenter is-style-stripes\"><table class=\"has-fixed-layout\"><tbody><tr><td>Banco de M\u00e9xico<\/td><td>&nbsp;<\/td><td><a href=\"http:\/\/www.banxico.org.mx\/\" target=\"_blank\" rel=\"noreferrer noopener\">www.banxico.org.mx<\/a><\/td><\/tr><tr><td>Banco Interamericano de Desarrollo (BID)<\/td><td>&nbsp;<\/td><td><a href=\"http:\/\/www.iadb.org\/\" target=\"_blank\" rel=\"noreferrer noopener\">www.iadb.org<\/a><\/td><\/tr><tr><td>Banco Mundial<\/td><td>&nbsp;<\/td><td><a href=\"http:\/\/www.bancomundial.org\/\" target=\"_blank\" rel=\"noreferrer noopener\">www.bancomundial.org<\/a><\/td><\/tr><tr><td>Bolsa Mexicana de Valores<\/td><td>&nbsp;<\/td><td><a href=\"http:\/\/www.bmv.com.mx\/\" target=\"_blank\" rel=\"noreferrer noopener\">www.bmv.com<\/a><\/td><\/tr><\/tbody><\/table><\/figure>\n<\/div><\/section>\n","protected":false},"excerpt":{"rendered":"<p>Asociaciones de Ventas Directas: Asociaci\u00f3n Brasile\u00f1a de Empresas de Ventas Directas (ABEVD) &nbsp; www.abevd.org.br Asociaci\u00f3n Colombiana de Venta Directa (ACOVEDI) &nbsp; www.acovedi.org.co Asociaci\u00f3n de Empresas de Venta Directa de Bolivia (ASOEM) www.asoem.org.bo Asociaci\u00f3n de Empresas de Venta Directa de Costa Rica (ACEVED) www.aceved.com Asociaci\u00f3n de Empresas de Venta Directa en Espa\u00f1a (AVD) &nbsp; www.avd.es Asociaci\u00f3n [&hellip;]<\/p>\n","protected":false},"author":1,"featured_media":0,"parent":0,"menu_order":0,"comment_status":"closed","ping_status":"closed","template":"","meta":{"ocean_post_layout":"","ocean_both_sidebars_style":"","ocean_both_sidebars_content_width":0,"ocean_both_sidebars_sidebars_width":0,"ocean_sidebar":"0","ocean_second_sidebar":"0","ocean_disable_margins":"enable","ocean_add_body_class":"","ocean_shortcode_before_top_bar":"","ocean_shortcode_after_top_bar":"","ocean_shortcode_before_header":"","ocean_shortcode_after_header":"","ocean_has_shortcode":"","ocean_shortcode_after_title":"","ocean_shortcode_before_footer_widgets":"","ocean_shortcode_after_footer_widgets":"","ocean_shortcode_before_footer_bottom":"","ocean_shortcode_after_footer_bottom":"","ocean_display_top_bar":"default","ocean_display_header":"default","ocean_header_style":"","ocean_center_header_left_menu":"0","ocean_custom_header_template":"0","ocean_custom_logo":0,"ocean_custom_retina_logo":0,"ocean_custom_logo_max_width":0,"ocean_custom_logo_tablet_max_width":0,"ocean_custom_logo_mobile_max_width":0,"ocean_custom_logo_max_height":0,"ocean_custom_logo_tablet_max_height":0,"ocean_custom_logo_mobile_max_height":0,"ocean_header_custom_menu":"0","ocean_menu_typo_font_family":"0","ocean_menu_typo_font_subset":"","ocean_menu_typo_font_size":0,"ocean_menu_typo_font_size_tablet":0,"ocean_menu_typo_font_size_mobile":0,"ocean_menu_typo_font_size_unit":"px","ocean_menu_typo_font_weight":"","ocean_menu_typo_font_weight_tablet":"","ocean_menu_typo_font_weight_mobile":"","ocean_menu_typo_transform":"","ocean_menu_typo_transform_tablet":"","ocean_menu_typo_transform_mobile":"","ocean_menu_typo_line_height":0,"ocean_menu_typo_line_height_tablet":0,"ocean_menu_typo_line_height_mobile":0,"ocean_menu_typo_line_height_unit":"","ocean_menu_typo_spacing":0,"ocean_menu_typo_spacing_tablet":0,"ocean_menu_typo_spacing_mobile":0,"ocean_menu_typo_spacing_unit":"","ocean_menu_link_color":"","ocean_menu_link_color_hover":"","ocean_menu_link_color_active":"","ocean_menu_link_background":"","ocean_menu_link_hover_background":"","ocean_menu_link_active_background":"","ocean_menu_social_links_bg":"","ocean_menu_social_hover_links_bg":"","ocean_menu_social_links_color":"","ocean_menu_social_hover_links_color":"","ocean_disable_title":"default","ocean_disable_heading":"default","ocean_post_title":"","ocean_post_subheading":"","ocean_post_title_style":"","ocean_post_title_background_color":"","ocean_post_title_background":0,"ocean_post_title_bg_image_position":"","ocean_post_title_bg_image_attachment":"","ocean_post_title_bg_image_repeat":"","ocean_post_title_bg_image_size":"","ocean_post_title_height":0,"ocean_post_title_bg_overlay":0.5,"ocean_post_title_bg_overlay_color":"","ocean_disable_breadcrumbs":"default","ocean_breadcrumbs_color":"","ocean_breadcrumbs_separator_color":"","ocean_breadcrumbs_links_color":"","ocean_breadcrumbs_links_hover_color":"","ocean_display_footer_widgets":"default","ocean_display_footer_bottom":"default","ocean_custom_footer_template":"0","footnotes":""},"class_list":["post-101","page","type-page","status-publish","hentry","entry"],"_links":{"self":[{"href":"https:\/\/amvd.org.mx\/index.php\/wp-json\/wp\/v2\/pages\/101","targetHints":{"allow":["GET"]}}],"collection":[{"href":"https:\/\/amvd.org.mx\/index.php\/wp-json\/wp\/v2\/pages"}],"about":[{"href":"https:\/\/amvd.org.mx\/index.php\/wp-json\/wp\/v2\/types\/page"}],"author":[{"embeddable":true,"href":"https:\/\/amvd.org.mx\/index.php\/wp-json\/wp\/v2\/users\/1"}],"replies":[{"embeddable":true,"href":"https:\/\/amvd.org.mx\/index.php\/wp-json\/wp\/v2\/comments?post=101"}],"version-history":[{"count":15,"href":"https:\/\/amvd.org.mx\/index.php\/wp-json\/wp\/v2\/pages\/101\/revisions"}],"predecessor-version":[{"id":4617,"href":"https:\/\/amvd.org.mx\/index.php\/wp-json\/wp\/v2\/pages\/101\/revisions\/4617"}],"wp:attachment":[{"href":"https:\/\/amvd.org.mx\/index.php\/wp-json\/wp\/v2\/media?parent=101"}],"curies":[{"name":"wp","href":"https:\/\/api.w.org\/{rel}","templated":true}]}}